9 is divided by 275.
274
Calculate the remainder when 337 is divided by 43.
36
What is the remainder when 571 is divided by 29?
20
Calculate the remainder when 157 is divided by 75.
7
Calculate the remainder when 2707 is divided by 151.
140
Calculate the remainder when 53 is divided by 7.
4
Calculate the remainder when 99 is divided by 8.
3
What is the remainder when 652 is divided by 105?
22
What is the remainder when 10216 is divided by 131?
129
What is the remainder when 427 is divided by 144?
139
What is the remainder when 324 is divided by 21?
9
Calculate the remainder when 80 is divided by 3.
2
Calculate the remainder when 692 is divided by 138.
2
What is the remainder when 949 is divided by 56?
53
What is the remainder when 1423 is divided by 17?
12
Calculate the remainder when 33 is divided by 20.
13
Calculate the remainder when 2109 is divided by 111.
0
Calculate the remainder when 1158 is divided by 383.
9
What is the remainder when 298 is divided by 25?
23
Calculate the remainder when 3136 is divided by 3135.
1
Calculate the remainder when 593 is divided by 33.
32
Calculate the remainder when 165 is divided by 37.
17
Calculate the remainder when 590 is divided by 22.
18
Calculate the remainder when 134 is divided by 28.
22
Calculate the remainder when 1531 is divided by 11.
2
Calculate the remainder when 106 is divided by 90.
16
What is the remainder when 2942 is divided by 967?
41
Calculate the remainder when 301 is divided by 77.
70
What is the remainder when 4087 is divided by 186?
181
Calculate the remainder when 90 is divided by 32.
26
Calculate the remainder when 7346 is divided by 70.
66
Calculate the remainder when 1097 is divided by 46.
39
What is the remainder when 159 is divided by 80?
79
What is the remainder when 11366 is divided by 98?
96
What is the remainder when 574 is divided by 8?
6
Calculate the remainder when 143 is divided by 93.
50
Calculate the remainder when 82 is divided by 50.
32
What is the remainder when 134 is divided by 18?
8
Calculate the remainder when 860 is divided by 17.
10
What is the remainder when 8683 is divided by 2167?
15
What is the remainder when 1187 is divided by 1172?
15
What is the remainder when 1310 is divided by 47?
41
Calculate the remainder when 457 is divided by 22.
17
Calculate the remainder when 94 is divided by 67.
27
Calculate the remainder when 162 is divided by 47.
21
Calculate the remainder when 998 is divided by 13.
10
What is the remainder when 150 is divided by 92?
58
Calculate the remainder when 253 is divided by 15.
13
Calculate the remainder when 54 is divided by 11.
10
Calculate the remainder when 347 is divided by 9.
5
What is the remainder when 281 is divided by 22?
17
Calculate the remainder when 34 is divided by 13.
8
Calculate the remainder when 772 is divided by 68.
24
What is the remainder when 101 is divided by 9?
2
Calculate the remainder when 347 is divided by 37.
14
What is the remainder when 251 is divided by 11?
9
What is the remainder when 263 is divided by 92?
79
Calculate the remainder when 311 is divided by 52.
51
Calculate the remainder when 477 is divided by 10.
7
Calculate the remainder when 1329 is divided by 38.
37
Calculate the remainder when 748 is divided by 25.
23
What is the remainder when 149 is divided by 6?
5
What is the remainder when 571 is divided by 24?
19
What is the remainder when 8499 is divided by 447?
6
What is the remainder when 236 is divided by 50?
36
What is the remainder when 3289 is divided by 10?
9
What is the remainder when 3397 is divided by 5?
2
Calculate the remainder when 12624 is divided by 28.
24
Calculate the remainder when 338 is divided by 85.
83
Calculate the remainder when 379 is divided by 159.
61
Calculate the remainder when 260 is divided by 67.
59
What is the remainder when 68 is divided by 12?
8
What is the remainder when 328 is divided by 61?
23
What is the remainder when 684 is divided by 221?
21
What is the remainder when 27 is divided by 6?
3
What is the remainder when 121 is divided by 56?
9
What is the remainder when 983 is divided by 31?
22
Calculate the remainder when 222 is divided by 57.
51
What is the remainder when 259 is divided by 60?
19
What is the remainder when 58 is divided by 10?
8
What is the remainder when 122 is divided by 43?
36
Calculate the remainder when 388 is divided by 30.
28
Calculate the remainder when 7212 is divided by 16.
12
Calculate the remainder when 467 is divided by 121.
104
What is the remainder when 11225 is divided by 7?
4
What is the remainder when 281 is divided by 51?
26
What is the remainder when 69 is divided by 3?
0
Calculate the remainder when 119 is divided by 12.
11
What is the remainder when 405 is divided by 102?
99
Calculate the remainder when 86 is divided by 23.
17
What is the remainder when 141 is divided by 49?
43
Calculate the remainder when 28194 is divided by 241.
238
What is the remainder when 1183 is divided by 384?
31
Calculate the remainder when 780 is divided by 49.
45
What is the remainder when 3361 is divided by 57?
55
Calculate the remainder when 244 is divided by 130.
114
Calculate the remainder when 713 is divided by 48.
41
What is the remainder when 2086 is divided by 350?
336
Calculate the remainder when 93 is divided by 65.
28
What is the remainder when 63 is divided by 25?
13
Calculate the remainder when 162 is divided by 82.
80
Calculate the remainder when 198 is divided by 25.
23
What is the remainder when 1259 is divided by 105?
104
Calculate the remainder when 282 is divided by 26.
22
What is the remainder when 95 is divided by 49?
46
What is the remainder when 219 is divided by 61?
36
Calculate the remainder when 228 is divided by 12.
0
Calculate the remainder when 500 is divided by 188.
124
What is the remainder when 120 is divided by 47?
26
Calculate the remainder when 233 is divided by 63.
44
Calculate the remainder when 626 is divided by 37.
34
What is the remainder when 1929 is divided by 138?
135
Calculate the remainder when 105 is divided by 28.
21
What is the remainder when 378 is divided by 25?
3
Calculate the remainder when 35 is divided by 22.
13
What is the remainder when 10 is divided by 1?
0
What is the remainder when 718 is divided by 36?
34
What is the remainder when 216 is divided by 7?
6
What is the remainder when 62 is divided by 9?
8
Calculate the remainder when 53 is divided by 9.
8
Calculate the remainder when 1119 is divided by 70.
69
Calculate the remainder when 64 is divided by 8.
0
What is the remainder when 600 is divided by 19?
11
Calculate the remainder when 1929 is divided by 591.
156
Calculate the remainder when 6081 is divided by 156.
153
What is the remainder when 254 is divided by 16?
14
What is the remainder when 1402 is divided by 694?
14
What is the remainder when 1821 is divided by 229?
218
What is the remainder when 352 is divided by 86?
8
What is the remainder when 1036 is divided by 349?
338
What is the remainder when 22 is divided by 7?
1
Calculate the remainder when 1704 is divided by 560.
24
What is the remainder when 998 is divided by 82?
14
What is the remainder when 268 is divided by 42?
16
Calculate the remainder when 10322 is divided by 58.
56
Calculate the remainder when 166 is divided by 38.
14
What is the remainder when 95 is divided by 12?
11
What is the remainder when 38 is divided by 8?
6
Calculate the remainder when 126 is divided by 42.
0
Calculate the remainder when 293 is divided by 191.
102
Calculate the remainder when 113 is divided by 50.
13
Calculate the remainder when 241 is divided by 13.
7
What is the remainder when 12 is divided by 3?
0
What is the remainder when 12704 is divided by 19?
12
What is the remainder when 289 is divided by 60?
49
What is the remainder when 34 is divided by 4?
2
What is the remainder when 400 is divided by 13?
10
Calculate the remainder when 89 is divided by 17.
4
What is the remainder when 77 is divided by 6?
5
What is the remainder when 3167 is divided by 1052?
11
What is the remainder when 238 is divided by 88?
62
What is the remainder when 1311 is divided by 219?
216
Calculate the remainder when 228 is divided by 65.
33
What is the remainder when 284 is divided by 108?
68
Calculate the remainder when 156 is divided by 13.
0
